{"id":3,"date":"2023-03-22T13:12:01","date_gmt":"2023-03-22T12:12:01","guid":{"rendered":"http:\/\/collective-unlearning.com\/?page_id=3"},"modified":"2023-04-28T17:06:36","modified_gmt":"2023-04-28T15:06:36","slug":"impressum","status":"publish","type":"page","link":"https:\/\/collective-unlearning.com\/?page_id=3","title":{"rendered":"impressum"},"content":{"rendered":"\r\n\r\n\r\n<h5>Verantwortliche<\/h5>\r\n<p>Miriam Neubauer und Annamaria Kardos<br \/>Atelieretage an der Marie<br \/>Marienburger Stra\u00dfe 5 \/ 5a, 10405 Berlin<\/p>\r\n<p><a href=\"mailto:contact@collective-unlearning.com\">contact@collective-unlearning.com<\/a><\/p>\r\n<p>\u00a9 Urheberrecht. Alle Rechte vorbehalten.<\/p>\r\n<p>Haftungshinweis: Trotz sorgf\u00e4ltiger inhaltlicher Kontrolle \u00fcbernehmen wir keine Haftung f\u00fcr die Inhalte externer Links. F\u00fcr den Inhalt der verlinkten Seiten sind ausschlie\u00dflich deren Betreiber:innen verantwortlich.<\/p>\r\n<p><a href=\"https:\/\/collective-unlearning.com\/?page_id=216\">Datenschutz<\/a><\/p>\r\n<!-- \/wp:paragraph -->\r\n\r\n<!-- wp:heading --><!-- \/wp:paragraph -->","protected":false},"excerpt":{"rendered":"<p>Verantwortliche Miriam Neubauer und Annamaria KardosAtelieretage an der MarieMarienburger Stra\u00dfe 5 \/ 5a, 10405 Berlin contact@collective-unlearning.com \u00a9 Urheberrecht. Alle Rechte vorbehalten. Haftungshinweis: Trotz sorgf\u00e4ltiger inhaltlicher Kontrolle \u00fcbernehmen wir keine Haftung f\u00fcr die Inhalte externer Links. F\u00fcr den Inhalt der verlinkten Seiten sind ausschlie\u00dflich deren Betreiber:innen verantwortlich. Datenschutz<\/p>\n","protected":false},"author":1,"featured_media":0,"parent":0,"menu_order":0,"comment_status":"closed","ping_status":"closed","template":"","meta":{"footnotes":""},"class_list":["post-3","page","type-page","status-publish","hentry","entry"],"_links":{"self":[{"href":"https:\/\/collective-unlearning.com\/index.php?rest_route=\/wp\/v2\/pages\/3","targetHints":{"allow":["GET"]}}],"collection":[{"href":"https:\/\/collective-unlearning.com\/index.php?rest_route=\/wp\/v2\/pages"}],"about":[{"href":"https:\/\/collective-unlearning.com\/index.php?rest_route=\/wp\/v2\/types\/page"}],"author":[{"embeddable":true,"href":"https:\/\/collective-unlearning.com\/index.php?rest_route=\/wp\/v2\/users\/1"}],"replies":[{"embeddable":true,"href":"https:\/\/collective-unlearning.com\/index.php?rest_route=%2Fwp%2Fv2%2Fcomments&post=3"}],"version-history":[{"count":5,"href":"https:\/\/collective-unlearning.com\/index.php?rest_route=\/wp\/v2\/pages\/3\/revisions"}],"predecessor-version":[{"id":219,"href":"https:\/\/collective-unlearning.com\/index.php?rest_route=\/wp\/v2\/pages\/3\/revisions\/219"}],"wp:attachment":[{"href":"https:\/\/collective-unlearning.com\/index.php?rest_route=%2Fwp%2Fv2%2Fmedia&parent=3"}],"curies":[{"name":"wp","href":"https:\/\/api.w.org\/{rel}","templated":true}]}}